he prime factors of 876426404.
2, 7, 2441, 12823
What are the prime factors of 5738974?
2, 359, 7993
What are the prime factors of 420484324?
2, 13, 17, 131, 3631
List the prime factors of 856227328.
2, 11, 152029
What are the prime factors of 3800236852?
2, 4903, 193771
List the prime factors of 3992107781.
29, 401, 343289
What are the prime factors of 1331445971?
149, 8935879
What are the prime factors of 41278365?
3, 5, 67, 13691
What are the prime factors of 151897971?
3, 157, 322501
List the prime factors of 1367096327.
17, 80417431
What are the prime factors of 128376099?
3, 14264011
List the prime factors of 43042184.
2, 139, 38707
List the prime factors of 392963223.
3, 31, 4225411
List the prime factors of 3403458631.
2011, 1692421
What are the prime factors of 73746726?
2, 3, 12291121
List the prime factors of 1379122195.
5, 11, 17, 89, 16573
What are the prime factors of 114305782?
2, 43, 491, 2707
List the prime factors of 4427357318.
2, 31, 71408989
What are the prime factors of 1409177631?
3, 469725877
List the prime factors of 1141801385.
5, 401, 613, 929
What are the prime factors of 5229038416?
2, 7, 1049, 44507
List the prime factors of 98522412.
2, 3, 17, 28409
What are the prime factors of 158587043?
109, 1454927
What are the prime factors of 94840135?
5, 13, 167, 8737
What are the prime factors of 23690143?
61, 388363
List the prime factors of 2498061762.
2, 3, 7, 1291, 5119
What are the prime factors of 1241109018?
2, 3, 68950501
What are the prime factors of 71241615?
3, 5, 59, 26833
List the prime factors of 76238446.
2, 719, 53017
What are the prime factors of 20399693?
409, 49877
List the prime factors of 295084942.
2, 661, 223211
What are the prime factors of 57402026?
2, 11, 157, 16619
List the prime factors of 45289700.
2, 5, 17, 26641
What are the prime factors of 1190107292?
2, 11, 223, 121291
List the prime factors of 123672779.
123672779
List the prime factors of 3662381808.
2, 3, 17, 1496071
What are the prime factors of 684670281?
3, 647, 352741
What are the prime factors of 29060392?
2, 31, 37, 3167
List the prime factors of 4232440236.
2, 3, 352703353
What are the prime factors of 394786882?
2, 7, 109, 258707
What are the prime factors of 37742301?
3, 181, 7723
What are the prime factors of 86278245?
3, 5, 67, 293
What are the prime factors of 70706102?
2, 31, 1140421
What are the prime factors of 170000898?
2, 3, 229, 123727
List the prime factors of 134166684.
2, 3, 11180557
What are the prime factors of 554214186?
2, 3, 29, 43, 24691
What are the prime factors of 179323694?
2, 11, 741007
List the prime factors of 6694673326.
2, 11, 47, 2029, 3191
What are the prime factors of 2610595637?
13, 200815049
What are the prime factors of 775522226?
2, 31, 103, 121441
List the prime factors of 14172834.
2, 3, 13, 109, 1667
What are the prime factors of 108133516?
2, 151, 179029
What are the prime factors of 351316029?
3, 117105343
What are the prime factors of 2970160462?
2, 1485080231
What are the prime factors of 1340633836?
2, 241, 1390699
List the prime factors of 300969126.
2, 3, 43, 9043
List the prime factors of 680929754.
2, 340464877
What are the prime factors of 327444333?
3, 109148111
What are the prime factors of 25303918?
2, 503, 25153
What are the prime factors of 11723168?
2, 109, 3361
List the prime factors of 225650506.
2, 67, 251, 6709
List the prime factors of 1138471275.
3, 5, 15179617
List the prime factors of 1323623741.
11, 120329431
What are the prime factors of 11594954?
2, 7, 29, 28559
List the prime factors of 1310382765.
3, 5, 619, 5227
What are the prime factors of 64823602?
2, 61, 719, 739
What are the prime factors of 65975374?
2, 32987687
List the prime factors of 1559208460.
2, 5, 73, 1067951
List the prime factors of 3227184769.
157, 3989, 5153
What are the prime factors of 2132827321?
40093, 53197
What are the prime factors of 69892351?
2393, 29207
List the prime factors of 25637371.
25637371
What are the prime factors of 3832786841?
13, 1039, 283763
What are the prime factors of 2546665595?
5, 29, 41, 127, 3373
List the prime factors of 1016308836.
2, 3, 31, 401, 757
List the prime factors of 1046121403.
239, 607, 7211
List the prime factors of 1247411739.
3, 7, 23, 571, 4523
What are the prime factors of 1415163527?
23, 3467, 17747
List the prime factors of 374567387.
19, 71, 277663
What are the prime factors of 213377480?
2, 5, 5334437
List the prime factors of 753478419.
3, 2137, 117529
What are the prime factors of 3303868268?
2, 29, 1523, 18701
List the prime factors of 3320483628.
2, 3, 7, 11, 513371
What are the prime factors of 1765154464?
2, 1187, 46471
List the prime factors of 42491992.
2, 5311499
List the prime factors of 72445927.
43, 1684789
List the prime factors of 58861446.
2, 3, 7, 17, 11777
List the prime factors of 38352259.
11, 43, 81083
What are the prime factors of 3784500637?
37, 271, 571, 661
What are the prime factors of 363532400?
2, 5, 7, 11, 29, 37
What are the prime factors of 645735704?
2, 31, 491, 5303
List the prime factors of 53135476.
2, 19, 699151
What are the prime factors of 945739212?
2, 3, 11, 19, 557, 677
What are the prime factors of 122996848?
2, 13, 3499
List the prime factors of 4329162494.
2, 1103, 1962449
List the prime factors of 84041739.
3, 29, 181, 593
List the prime factors of 25868049.
3, 8622683
What are the prime factors of 22952810?
2, 5, 2295281
List the prime factors of 196549432.
2, 24568679
List the prime factors of 66053302.
2, 7, 4718093
What are the prime factors of 1384979922?
2, 3, 179, 429851
What are the prime factors of 377517598?
2, 97, 101, 19267
What are the prime factors of 3366781861?
467, 7209383
List the prime factors of 1124994230.
2, 5, 112499423
List the prime factors of 213285967.
797, 267611
List the prime factors of 130555769.
130555769
List the prime factors of 1455105058.
2, 11, 73, 906043
List the prime factors of 812220293.
812220293
List the prime factors of 87466344.
2, 3, 7, 520633
List the prime factors of 31366218.
2, 3, 13, 402131
List the prime factors of 115038851.
115038851
List the prime factors of 70639041.
3, 11, 29, 223, 331
List the prime factors of 8830651.
8830651
List the prime factors of 149137416.
2, 3, 43, 16057
List the prime factors of 258839080.
2, 5, 311, 20807
What are the prime factors of 97728229?
19, 5143591
List the prime factors of 7598845330.
2, 5, 5849, 129917
What are the prime factors of 3779476503?
3, 11, 10411781
List the prime factors of 39082516.
2, 11, 80749
What are the prime factors of 79752612?
2, 3, 37, 179623
List the prime factors of 5408151638.
2, 2704075819
List the prime factors of 174671876.
2, 563, 77563
What are the prime factors of 2042529135?
3, 5, 487, 279607
What are the prime factors of 558993066?
2, 3, 93165511
What are the prime factors of 1370011637?
863, 1587499
List the prime factors of 66748988.
2, 16687247
What are the prime factors of 1744000908?
2, 3, 13, 661, 1301
List the prime factors of 185503859.
19, 9763361
What are the prime factors of 682940654?
2, 11, 31042757
List the prime factors of 3703101811.
3703101811
What are the prime factors of 965864906?
2, 482932453
What are the prime factors of 98864773?
7, 14123539
What are the prime factors of 175978838?
2, 7, 179, 70223
List the prime factors of 37490453.
7, 11, 13, 43, 67
What are the prime factors of 1286071388?
2, 7, 83, 631, 877
What are the prime factors of 319362269?
319362269
What are the prime factors of 283242697?
2447, 115751
What are the prime factors of 2835830842?
2, 13, 109070417
What are the prime factors of 139570947?
3, 15507883
List the prime factors of 717065675.
5, 61, 470207
What are the prime factors of 29412379?
29412379
List the prime factors of 221203148.
2, 7069, 7823
What are the prime factors of 117213326?
2, 73, 802831
What are the prime factors of 84284494?
2, 7, 19, 316859
List the prime factors of 44365958.
2, 7, 13, 243769
List the prime factors of 17779925.
5, 751, 947
What are the prime factors of 880378875?
3, 5, 86951
What are the prime factors of 33698736?
2, 3, 31, 7549
List the prime factors of 19027045.
5, 29, 131221
What are the prime factors of 532369193?
532369193
What are the prime factors of 46723911?
3, 13, 1198049
List 